{"id":966,"date":"2016-11-09T13:55:10","date_gmt":"2016-11-09T12:55:10","guid":{"rendered":"https:\/\/braley-france.com\/?page_id=966"},"modified":"2016-11-09T14:01:36","modified_gmt":"2016-11-09T13:01:36","slug":"nos-evenements-insolites","status":"publish","type":"page","link":"https:\/\/braley-france.com\/index.php\/nos-evenements-insolites\/","title":{"rendered":"Nos \u00e9v\u00e9nements insolites"},"content":{"rendered":"<div id=\"pl-966\"  class=\"panel-layout\" ><div id=\"pg-966-0\"  class=\"panel-grid panel-no-style\" ><div id=\"pgc-966-0-0\"  class=\"panel-grid-cell\" ><div id=\"panel-966-0-0-0\" class=\"so-panel widget widget_sow-image panel-first-child panel-last-child\" data-index=\"0\" ><div\n\t\t\t\n\t\t\tclass=\"so-widget-sow-image so-widget-sow-image-default-8b5b6f678277-966\"\n\t\t\t\n\t\t>\n<div class=\"sow-image-container\">\n\t\t<img \n\tsrc=\"https:\/\/braley-france.com\/wp-content\/uploads\/2015\/04\/InsoliteSemi.jpg\" width=\"800\" height=\"600\" srcset=\"https:\/\/braley-france.com\/wp-content\/uploads\/2015\/04\/InsoliteSemi.jpg 800w, https:\/\/braley-france.com\/wp-content\/uploads\/2015\/04\/InsoliteSemi-600x450.jpg 600w, https:\/\/braley-france.com\/wp-content\/uploads\/2015\/04\/InsoliteSemi-300x225.jpg 300w, https:\/\/braley-france.com\/wp-content\/uploads\/2015\/04\/InsoliteSemi-768x576.jpg 768w\" sizes=\"(max-width: 800px) 100vw, 800px\" title=\"insolitesemi\" alt=\"\" \t\tclass=\"so-widget-image\"\/>\n\t<\/div>\n\n<\/div><\/div><\/div><div id=\"pgc-966-0-1\"  class=\"panel-grid-cell\" ><div id=\"panel-966-0-1-0\" class=\"so-panel widget widget_black-studio-tinymce widget_black_studio_tinymce panel-first-child panel-last-child\" data-index=\"1\" ><div class=\"textwidget\"><h3>SEMI DECORE 12 ANS APRES, INAUGURE<br \/> LE 12\/12\/12 \u00e0 12h12 : \u00ab L\u2019Aveyron cher \u00e0 nos c\u0153urs \u00bb<\/h3>\n<p>En l\u2019an 2000, nous inaugurions un semi remorque d\u00e9cor\u00e9, symbolisant des valeurs qui nous tiennent \u00e0 c\u0153ur :<\/p>\n<ul>\n<li>Les enfants des cinq continents<\/li>\n<li>L\u2019eau sous forme d\u2019une cascade<\/li>\n<li>Le vent, repr\u00e9sent\u00e9 par un cerf-volant<\/li>\n<\/ul>\n<p>\u2026 avec quand m\u00eame une interrogation \u2026 et apr\u00e8s ?<br \/>12 ans plus tard, l\u2019entreprise Braley \u00e0 \u00e9t\u00e9 fi\u00e8re de vous pr\u00e9senter sa semi remorque Scania 730 CH, qui donne une suite \u00e0 la premi\u00e8re :<\/p>\n<ul>\n<li>La main tendue vers les nouvelles g\u00e9n\u00e9rations<\/li>\n<li>La famille fid\u00e8le \u00e0 ses engagements<\/li>\n<li>Le regard tourn\u00e9 vers les \u00e9nergies renouvelables et l\u2019innovation<\/li>\n<\/ul>\n<\/div><\/div><\/div><\/div><div id=\"pg-966-1\"  class=\"panel-grid panel-no-style\" ><div id=\"pgc-966-1-0\"  class=\"panel-grid-cell\" ><div id=\"panel-966-1-0-0\" class=\"so-panel widget widget_black-studio-tinymce widget_black_studio_tinymce panel-first-child panel-last-child\" data-index=\"2\" ><div class=\"textwidget\"><h3>RECORD DU MONDE : <br \/>CAMION LE PLUS LONG (27 novembre 2004)\u00a0 358m<\/h3>\n<p>Cette id\u00e9e de record trottait dans la t\u00eate de Christian BRALEY depuis quatre ann\u00e9es.\u00a0 Un porteur MAN, a tir\u00e9 41 remorques sur une distance de 4.860 kilom\u00e8tres sur l\u2019Autoroute A75, reliant la Cavalerie au Viaduc de Millau.<\/p>\n<p>Durant ces ann\u00e9es, il a fallu pr\u00e9parer les remorques en fixant des chappes d\u2019attelage sur chacune et s\u2019occuper du freinage.<\/p>\n<p>C\u2019est sous un soleil radieux et une foule de curieux et de personnalit\u00e9s que Ludovic, le c\u0153ur battant, s\u2019est \u00e9lanc\u00e9 au volant de ce \u00ab mille-pattes \u00e0 roues \u00bb.\u00a0 Quelle joie \u00e0 l\u2019arriv\u00e9e, quelle fiert\u00e9 pour toute l\u2019entreprise !, car Christian Braley y tient beaucoup \u00ab c\u2019est l\u2019\u0153uvre de tous, qui a permis cette r\u00e9ussite \u00bb.<\/p>\n<p>\u00a0<\/p>\n<\/div><\/div><\/div><div id=\"pgc-966-1-1\"  class=\"panel-grid-cell\" ><div id=\"panel-966-1-1-0\" class=\"so-panel widget widget_sow-image panel-first-child panel-last-child\" data-index=\"3\" ><div\n\t\t\t\n\t\t\tclass=\"so-widget-sow-image so-widget-sow-image-default-8b5b6f678277-966\"\n\t\t\t\n\t\t>\n<div class=\"sow-image-container\">\n\t\t<img \n\tsrc=\"https:\/\/braley-france.com\/wp-content\/uploads\/2015\/04\/record.jpg\" width=\"800\" height=\"600\" srcset=\"https:\/\/braley-france.com\/wp-content\/uploads\/2015\/04\/record.jpg 800w, https:\/\/braley-france.com\/wp-content\/uploads\/2015\/04\/record-600x450.jpg 600w, https:\/\/braley-france.com\/wp-content\/uploads\/2015\/04\/record-300x225.jpg 300w, https:\/\/braley-france.com\/wp-content\/uploads\/2015\/04\/record-768x576.jpg 768w\" sizes=\"(max-width: 800px) 100vw, 800px\" alt=\"\" \t\tclass=\"so-widget-image\"\/>\n\t<\/div>\n\n<\/div><\/div><\/div><\/div><div id=\"pg-966-2\"  class=\"panel-grid panel-no-style\" ><div id=\"pgc-966-2-0\"  class=\"panel-grid-cell\" ><div id=\"panel-966-2-0-0\" class=\"so-panel widget widget_sow-image panel-first-child panel-last-child\" data-index=\"4\" ><div\n\t\t\t\n\t\t\tclass=\"so-widget-sow-image so-widget-sow-image-default-8b5b6f678277-966\"\n\t\t\t\n\t\t>\n<div class=\"sow-image-container\">\n\t\t<img \n\tsrc=\"https:\/\/braley-france.com\/wp-content\/uploads\/2015\/04\/millau.jpg\" width=\"800\" height=\"600\" srcset=\"https:\/\/braley-france.com\/wp-content\/uploads\/2015\/04\/millau.jpg 800w, https:\/\/braley-france.com\/wp-content\/uploads\/2015\/04\/millau-600x450.jpg 600w, https:\/\/braley-france.com\/wp-content\/uploads\/2015\/04\/millau-300x225.jpg 300w, https:\/\/braley-france.com\/wp-content\/uploads\/2015\/04\/millau-768x576.jpg 768w\" sizes=\"(max-width: 800px) 100vw, 800px\" alt=\"\" \t\tclass=\"so-widget-image\"\/>\n\t<\/div>\n\n<\/div><\/div><\/div><div id=\"pgc-966-2-1\"  class=\"panel-grid-cell\" ><div id=\"panel-966-2-1-0\" class=\"so-panel widget widget_black-studio-tinymce widget_black_studio_tinymce panel-first-child panel-last-child\" data-index=\"5\" ><div class=\"textwidget\"><h3>TEST DE CHARGES DU VIADUC DE MILLAU 960t 10\/11\/04<\/h3>\n<p>Chaque pont termin\u00e9 est soumis \u00e0 des essais en charge. Le Viaduc n\u2019a pas fait figure d\u2019exception.\u00a0 28 camions-bennes \u00e9taient n\u00e9cessaires pour \u00e9tudier la r\u00e9action du pont : Christian Braley a du r\u00e9quisitionner son personnel saisonnier et une partie de son personnel \u00e0 l\u2019ann\u00e9e.<\/p>\n<p>Une fois arriv\u00e9 sur les lieux, vers les 8H, le personnel roulant a \u00e9t\u00e9 imm\u00e9diatement pris en charge par les responsables du groupe EIFFAGE charg\u00e9s des essais, qui les ont scind\u00e9s en deux : une moiti\u00e9 de chaque c\u00f4t\u00e9 du pont. Des c\u00f4nes avaient \u00e9t\u00e9 pr\u00e9alablement install\u00e9s afin d\u2019indiquer \u00e0 chacun la position de son v\u00e9hicule.<\/p>\n<p>Une voiture se tenait devant chaque caravane de camions et avan\u00e7ait ou s\u2019arr\u00eatait au gr\u00e9 des analyses des ing\u00e9nieurs, qui ont ainsi v\u00e9rifi\u00e9s que les constatations \u00e9taient conformes aux \u00ab d\u00e9form\u00e9s th\u00e9oriques \u00bb.<\/p>\n<p>Au total, 21 cas de charge ont \u00e9t\u00e9 \u00e9tudi\u00e9s. Chaque \u00e9preuve durait environ une heure, durant laquelle les chauffeurs ne devaient en aucun cas sortir de leur v\u00e9hicule, pour des raisons de s\u00e9curit\u00e9. Ludovic Braley a ainsi pu constater la d\u00e9formation du tablier, car la bouteille pos\u00e9e sur\u00a0 le tableau de bord tremblait distinctement.<\/p>\n<p>Malgr\u00e9 les contraintes saisonni\u00e8res (vent et froid) qu\u2019ils ont du affronter, les salari\u00e9s de l\u2019entreprise Braley garderont \u00e0 jamais le souvenir de ces quelques jours sur le \u00ab Viaduc de Millau \u00bb.<\/p>\n<p>\u00a0<\/p>\n<\/div><\/div><\/div><\/div><div id=\"pg-966-3\"  class=\"panel-grid panel-no-style\" ><div id=\"pgc-966-3-0\"  class=\"panel-grid-cell\" ><div id=\"panel-966-3-0-0\" class=\"so-panel widget widget_black-studio-tinymce widget_black_studio_tinymce panel-first-child panel-last-child\" data-index=\"6\" ><div class=\"textwidget\"><h3>UN C\u0152UR DANS UN CHAMPS : 2001<\/h3>\n<p>Au premier abord, cette id\u00e9e peut para\u00eetre \u00ab loufoque \u00bb. Pas du tout, plut\u00f4t symbolique pour notre chef d\u2019entreprise \u00ab Je voulais d\u00e9montrer par A+B qu\u2019en r\u00e9coltant et en compostant des d\u00e9chets verts, on leur donne une deuxi\u00e8me vie \u00bb. Christian BRALEY a voulu d\u00e9montrer l\u2019efficacit\u00e9 du terreau obtenu apr\u00e8s compostage des d\u00e9chets verts.<\/p>\n<p>Il a d\u2019abord pens\u00e9 \u00e0 dessiner un c\u0153ur avec ses bennes, mais il s\u2019est rapidement rendu compte de l\u2019impossibilit\u00e9 mat\u00e9rielle de mener \u00e0 bien ce projet. Il a alors pens\u00e9 au terreau.<\/p>\n<p>Avec la collaboration des tous ses salari\u00e9s (pour dessiner le c\u0153ur, pour \u00e9pandre le terreau sur 4ha d\u2019herbe), il a obtenu un r\u00e9sultat vraiment extraordinaire. Seule ombre au tableau, pour admirer ce c\u0153ur singulier, il faut prendre de l\u2019altitude c\u2019est \u00e0 dire voler, car du sol, on ne voit rien.<\/p>\n<p>C\u2019est donc avec le concours d\u2019un membre instructeur de l\u2019a\u00e9roclub les Ailes Ruth\u00e9noises, que Christian BRALEY a pu surveiller la pousse de son herbe. Pari r\u00e9ussi, car incontestablement, l\u2019herbe est plus dense \u00e0 l\u2019int\u00e9rieur du c\u0153ur. Le choix de la figure signifie l\u2019attachement de notre homme \u00e0 la terre.<\/p>\n<p>\u00a0<\/p>\n<p>\u00a0<\/p>\n<\/div><\/div><\/div><div id=\"pgc-966-3-1\"  class=\"panel-grid-cell\" ><div id=\"panel-966-3-1-0\" class=\"so-panel widget widget_sow-image panel-first-child panel-last-child\" data-index=\"7\" ><div\n\t\t\t\n\t\t\tclass=\"so-widget-sow-image so-widget-sow-image-default-8b5b6f678277-966\"\n\t\t\t\n\t\t>\n<div class=\"sow-image-container\">\n\t\t<img \n\tsrc=\"https:\/\/braley-france.com\/wp-content\/uploads\/2015\/04\/coeur.jpg\" width=\"800\" height=\"600\" srcset=\"https:\/\/braley-france.com\/wp-content\/uploads\/2015\/04\/coeur.jpg 800w, https:\/\/braley-france.com\/wp-content\/uploads\/2015\/04\/coeur-600x450.jpg 600w, https:\/\/braley-france.com\/wp-content\/uploads\/2015\/04\/coeur-300x225.jpg 300w, https:\/\/braley-france.com\/wp-content\/uploads\/2015\/04\/coeur-768x576.jpg 768w\" sizes=\"(max-width: 800px) 100vw, 800px\" alt=\"\" \t\tclass=\"so-widget-image\"\/>\n\t<\/div>\n\n<\/div><\/div><\/div><\/div><div id=\"pg-966-4\"  class=\"panel-grid panel-no-style\" ><div id=\"pgc-966-4-0\"  class=\"panel-grid-cell\" ><div id=\"panel-966-4-0-0\" class=\"so-panel widget widget_sow-image panel-first-child panel-last-child\" data-index=\"8\" ><div\n\t\t\t\n\t\t\tclass=\"so-widget-sow-image so-widget-sow-image-default-8b5b6f678277-966\"\n\t\t\t\n\t\t>\n<div class=\"sow-image-container\">\n\t\t<img \n\tsrc=\"https:\/\/braley-france.com\/wp-content\/uploads\/2015\/04\/2000.jpg\" width=\"800\" height=\"600\" srcset=\"https:\/\/braley-france.com\/wp-content\/uploads\/2015\/04\/2000.jpg 800w, https:\/\/braley-france.com\/wp-content\/uploads\/2015\/04\/2000-600x450.jpg 600w, https:\/\/braley-france.com\/wp-content\/uploads\/2015\/04\/2000-300x225.jpg 300w, https:\/\/braley-france.com\/wp-content\/uploads\/2015\/04\/2000-768x576.jpg 768w\" sizes=\"(max-width: 800px) 100vw, 800px\" alt=\"\" \t\tclass=\"so-widget-image\"\/>\n\t<\/div>\n\n<\/div><\/div><\/div><div id=\"pgc-966-4-1\"  class=\"panel-grid-cell\" ><div id=\"panel-966-4-1-0\" class=\"so-panel widget widget_black-studio-tinymce widget_black_studio_tinymce panel-first-child panel-last-child\" data-index=\"9\" ><div class=\"textwidget\"><h3>CAMION DE L\u2019AN 2000 : (Mai 2000)<\/h3>\n<p>Pour f\u00eater l\u2019an 2000, Christian BRALEY a pr\u00e9sent\u00e9 un camion de derni\u00e8re technologie en pr\u00e9sence d\u2019une invit\u00e9e d\u2019honneur, Anne-Marie Escoffier, pr\u00e9f\u00e8te de l\u2019Aveyron, de personnalit\u00e9s politiques et \u00e9conomiques du d\u00e9partement, de clients, de fournisseurs, et de nombreux voisins et amis. Ces portes ouvertes ont eu lieu \u00e0 Bezonnes, berceau de la famille et de l \u2018entreprise Braley. Ce f\u00fbt l\u2019occasion \u00e0 l\u2019entreprise et ses employ\u00e9s d\u2019apporter son aide humanitaire en offrant \u00e0 l\u2019UNICEF un ch\u00e8que de 1 500Euros, pour marquer les valeurs humaines de l\u2019entreprise.<\/p>\n<p>Le personnel s\u2019est personnellement impliqu\u00e9 dans l\u2019organisation, la r\u00e9ception, les d\u00e9monstrations\u2026 ce qui a permis une r\u00e9ussite totale de cette manifestation.<\/p>\n<p>\u00a0<\/p>\n<p>\u00a0<\/p>\n<p>\u00a0<\/p>\n<\/div><\/div><\/div><\/div><\/div>","protected":false},"excerpt":{"rendered":"<p>SEMI DECORE 12 ANS APRES, INAUGURE LE 12\/12\/12 \u00e0 12h12 : \u00ab L\u2019Aveyron cher \u00e0 nos c\u0153urs \u00bbEn l\u2019an 2000, nous inaugurions un semi remorque d\u00e9cor\u00e9, symbolisant des valeurs qui nous tiennent \u00e0 c\u0153ur :Les enfants des cinq continentsL\u2019eau sous forme d\u2019une cascadeLe vent, repr\u00e9sent\u00e9 par un cerf-volant\u2026 avec quand m\u00eame une interrogation \u2026 et &hellip;<\/p>\n","protected":false},"author":1,"featured_media":0,"parent":0,"menu_order":0,"comment_status":"closed","ping_status":"closed","template":"","meta":{"_acf_changed":false,"footnotes":""},"class_list":["post-966","page","type-page","status-publish","hentry"],"acf":[],"yoast_head":"<!-- This site is optimized with the Yoast SEO plugin v27.5 - https:\/\/yoast.com\/product\/yoast-seo-wordpress\/ -->\n<title>Nos \u00e9v\u00e9nements insolites - Braley France<\/title>\n<meta name=\"robots\" content=\"index, follow, max-snippet:-1, max-image-preview:large, max-video-preview:-1\" \/>\n<link rel=\"canonical\" href=\"https:\/\/braley-france.com\/index.php\/nos-evenements-insolites\/\" \/>\n<meta property=\"og:locale\" content=\"fr_FR\" \/>\n<meta property=\"og:type\" content=\"article\" \/>\n<meta property=\"og:title\" content=\"Nos \u00e9v\u00e9nements insolites - Braley France\" \/>\n<meta property=\"og:description\" content=\"SEMI DECORE 12 ANS APRES, INAUGURE LE 12\/12\/12 \u00e0 12h12 : \u00ab L\u2019Aveyron cher \u00e0 nos c\u0153urs \u00bbEn l\u2019an 2000, nous inaugurions un semi remorque d\u00e9cor\u00e9, symbolisant des valeurs qui nous tiennent \u00e0 c\u0153ur :Les enfants des cinq continentsL\u2019eau sous forme d\u2019une cascadeLe vent, repr\u00e9sent\u00e9 par un cerf-volant\u2026 avec quand m\u00eame une interrogation \u2026 et &hellip;\" \/>\n<meta property=\"og:url\" content=\"https:\/\/braley-france.com\/index.php\/nos-evenements-insolites\/\" \/>\n<meta property=\"og:site_name\" content=\"Braley France\" \/>\n<meta property=\"article:modified_time\" content=\"2016-11-09T13:01:36+00:00\" \/>\n<meta property=\"og:image\" content=\"https:\/\/braley-france.com\/wp-content\/uploads\/2015\/04\/InsoliteSemi.jpg\" \/>\n<meta name=\"twitter:card\" content=\"summary_large_image\" \/>\n<meta name=\"twitter:label1\" content=\"Dur\u00e9e de lecture estim\u00e9e\" \/>\n\t<meta name=\"twitter:data1\" content=\"4 minutes\" \/>\n<script type=\"application\/ld+json\" class=\"yoast-schema-graph\">{\"@context\":\"https:\\\/\\\/schema.org\",\"@graph\":[{\"@type\":\"WebPage\",\"@id\":\"https:\\\/\\\/braley-france.com\\\/index.php\\\/nos-evenements-insolites\\\/\",\"url\":\"https:\\\/\\\/braley-france.com\\\/index.php\\\/nos-evenements-insolites\\\/\",\"name\":\"Nos \u00e9v\u00e9nements insolites - Braley France\",\"isPartOf\":{\"@id\":\"https:\\\/\\\/braley-france.com\\\/#website\"},\"primaryImageOfPage\":{\"@id\":\"https:\\\/\\\/braley-france.com\\\/index.php\\\/nos-evenements-insolites\\\/#primaryimage\"},\"image\":{\"@id\":\"https:\\\/\\\/braley-france.com\\\/index.php\\\/nos-evenements-insolites\\\/#primaryimage\"},\"thumbnailUrl\":\"https:\\\/\\\/braley-france.com\\\/wp-content\\\/uploads\\\/2015\\\/04\\\/InsoliteSemi.jpg\",\"datePublished\":\"2016-11-09T12:55:10+00:00\",\"dateModified\":\"2016-11-09T13:01:36+00:00\",\"breadcrumb\":{\"@id\":\"https:\\\/\\\/braley-france.com\\\/index.php\\\/nos-evenements-insolites\\\/#breadcrumb\"},\"inLanguage\":\"fr-FR\",\"potentialAction\":[{\"@type\":\"ReadAction\",\"target\":[\"https:\\\/\\\/braley-france.com\\\/index.php\\\/nos-evenements-insolites\\\/\"]}]},{\"@type\":\"ImageObject\",\"inLanguage\":\"fr-FR\",\"@id\":\"https:\\\/\\\/braley-france.com\\\/index.php\\\/nos-evenements-insolites\\\/#primaryimage\",\"url\":\"https:\\\/\\\/braley-france.com\\\/wp-content\\\/uploads\\\/2015\\\/04\\\/InsoliteSemi.jpg\",\"contentUrl\":\"https:\\\/\\\/braley-france.com\\\/wp-content\\\/uploads\\\/2015\\\/04\\\/InsoliteSemi.jpg\",\"width\":800,\"height\":600},{\"@type\":\"BreadcrumbList\",\"@id\":\"https:\\\/\\\/braley-france.com\\\/index.php\\\/nos-evenements-insolites\\\/#breadcrumb\",\"itemListElement\":[{\"@type\":\"ListItem\",\"position\":1,\"name\":\"Accueil\",\"item\":\"https:\\\/\\\/braley-france.com\\\/\"},{\"@type\":\"ListItem\",\"position\":2,\"name\":\"Nos \u00e9v\u00e9nements insolites\"}]},{\"@type\":\"WebSite\",\"@id\":\"https:\\\/\\\/braley-france.com\\\/#website\",\"url\":\"https:\\\/\\\/braley-france.com\\\/\",\"name\":\"Braley France\",\"description\":\"Environnement - Energies\",\"potentialAction\":[{\"@type\":\"SearchAction\",\"target\":{\"@type\":\"EntryPoint\",\"urlTemplate\":\"https:\\\/\\\/braley-france.com\\\/?s={search_term_string}\"},\"query-input\":{\"@type\":\"PropertyValueSpecification\",\"valueRequired\":true,\"valueName\":\"search_term_string\"}}],\"inLanguage\":\"fr-FR\"}]}<\/script>\n<!-- \/ Yoast SEO plugin. -->","yoast_head_json":{"title":"Nos \u00e9v\u00e9nements insolites - Braley France","robots":{"index":"index","follow":"follow","max-snippet":"max-snippet:-1","max-image-preview":"max-image-preview:large","max-video-preview":"max-video-preview:-1"},"canonical":"https:\/\/braley-france.com\/index.php\/nos-evenements-insolites\/","og_locale":"fr_FR","og_type":"article","og_title":"Nos \u00e9v\u00e9nements insolites - Braley France","og_description":"SEMI DECORE 12 ANS APRES, INAUGURE LE 12\/12\/12 \u00e0 12h12 : \u00ab L\u2019Aveyron cher \u00e0 nos c\u0153urs \u00bbEn l\u2019an 2000, nous inaugurions un semi remorque d\u00e9cor\u00e9, symbolisant des valeurs qui nous tiennent \u00e0 c\u0153ur :Les enfants des cinq continentsL\u2019eau sous forme d\u2019une cascadeLe vent, repr\u00e9sent\u00e9 par un cerf-volant\u2026 avec quand m\u00eame une interrogation \u2026 et &hellip;","og_url":"https:\/\/braley-france.com\/index.php\/nos-evenements-insolites\/","og_site_name":"Braley France","article_modified_time":"2016-11-09T13:01:36+00:00","og_image":[{"url":"https:\/\/braley-france.com\/wp-content\/uploads\/2015\/04\/InsoliteSemi.jpg","type":"","width":"","height":""}],"twitter_card":"summary_large_image","twitter_misc":{"Dur\u00e9e de lecture estim\u00e9e":"4 minutes"},"schema":{"@context":"https:\/\/schema.org","@graph":[{"@type":"WebPage","@id":"https:\/\/braley-france.com\/index.php\/nos-evenements-insolites\/","url":"https:\/\/braley-france.com\/index.php\/nos-evenements-insolites\/","name":"Nos \u00e9v\u00e9nements insolites - Braley France","isPartOf":{"@id":"https:\/\/braley-france.com\/#website"},"primaryImageOfPage":{"@id":"https:\/\/braley-france.com\/index.php\/nos-evenements-insolites\/#primaryimage"},"image":{"@id":"https:\/\/braley-france.com\/index.php\/nos-evenements-insolites\/#primaryimage"},"thumbnailUrl":"https:\/\/braley-france.com\/wp-content\/uploads\/2015\/04\/InsoliteSemi.jpg","datePublished":"2016-11-09T12:55:10+00:00","dateModified":"2016-11-09T13:01:36+00:00","breadcrumb":{"@id":"https:\/\/braley-france.com\/index.php\/nos-evenements-insolites\/#breadcrumb"},"inLanguage":"fr-FR","potentialAction":[{"@type":"ReadAction","target":["https:\/\/braley-france.com\/index.php\/nos-evenements-insolites\/"]}]},{"@type":"ImageObject","inLanguage":"fr-FR","@id":"https:\/\/braley-france.com\/index.php\/nos-evenements-insolites\/#primaryimage","url":"https:\/\/braley-france.com\/wp-content\/uploads\/2015\/04\/InsoliteSemi.jpg","contentUrl":"https:\/\/braley-france.com\/wp-content\/uploads\/2015\/04\/InsoliteSemi.jpg","width":800,"height":600},{"@type":"BreadcrumbList","@id":"https:\/\/braley-france.com\/index.php\/nos-evenements-insolites\/#breadcrumb","itemListElement":[{"@type":"ListItem","position":1,"name":"Accueil","item":"https:\/\/braley-france.com\/"},{"@type":"ListItem","position":2,"name":"Nos \u00e9v\u00e9nements insolites"}]},{"@type":"WebSite","@id":"https:\/\/braley-france.com\/#website","url":"https:\/\/braley-france.com\/","name":"Braley France","description":"Environnement - Energies","potentialAction":[{"@type":"SearchAction","target":{"@type":"EntryPoint","urlTemplate":"https:\/\/braley-france.com\/?s={search_term_string}"},"query-input":{"@type":"PropertyValueSpecification","valueRequired":true,"valueName":"search_term_string"}}],"inLanguage":"fr-FR"}]}},"_links":{"self":[{"href":"https:\/\/braley-france.com\/index.php\/wp-json\/wp\/v2\/pages\/966","targetHints":{"allow":["GET"]}}],"collection":[{"href":"https:\/\/braley-france.com\/index.php\/wp-json\/wp\/v2\/pages"}],"about":[{"href":"https:\/\/braley-france.com\/index.php\/wp-json\/wp\/v2\/types\/page"}],"author":[{"embeddable":true,"href":"https:\/\/braley-france.com\/index.php\/wp-json\/wp\/v2\/users\/1"}],"replies":[{"embeddable":true,"href":"https:\/\/braley-france.com\/index.php\/wp-json\/wp\/v2\/comments?post=966"}],"version-history":[{"count":5,"href":"https:\/\/braley-france.com\/index.php\/wp-json\/wp\/v2\/pages\/966\/revisions"}],"predecessor-version":[{"id":971,"href":"https:\/\/braley-france.com\/index.php\/wp-json\/wp\/v2\/pages\/966\/revisions\/971"}],"wp:attachment":[{"href":"https:\/\/braley-france.com\/index.php\/wp-json\/wp\/v2\/media?parent=966"}],"curies":[{"name":"wp","href":"https:\/\/api.w.org\/{rel}","templated":true}]}}