{"id":76,"date":"2015-04-23T11:04:51","date_gmt":"2015-04-23T11:04:51","guid":{"rendered":"http:\/\/xml-io.proteusthemes.com\/cargopress\/?page_id=76"},"modified":"2016-11-08T16:51:00","modified_gmt":"2016-11-08T15:51:00","slug":"traitement-des-dechets","status":"publish","type":"page","link":"https:\/\/braley-france.com\/index.php\/traitement-des-dechets\/","title":{"rendered":"Traitement des d\u00e9chets"},"content":{"rendered":"<div id=\"pl-76\"  class=\"panel-layout\" ><div id=\"pg-76-0\"  class=\"panel-grid panel-no-style\" ><div id=\"pgc-76-0-0\"  class=\"panel-grid-cell\" ><div id=\"panel-76-0-0-0\" class=\"so-panel widget widget_pw_featured_page widget-featured-page panel-first-child panel-last-child\" data-index=\"0\" >\n\n\t<div class=\"page-box  page-box--block\">\n\t\t\t<a class=\"page-box__picture\" href=\"https:\/\/braley-france.com\/index.php\/traitement-des-dechets\/centre-de-tri\/\"><img loading=\"lazy\" decoding=\"async\" src=\"https:\/\/braley-france.com\/wp-content\/uploads\/2015\/04\/centre-de-tri-7-360x240.jpg\" width=\"360\" height=\"240\" srcset=\"https:\/\/braley-france.com\/wp-content\/uploads\/2015\/04\/centre-de-tri-7-360x240.jpg 360w, https:\/\/braley-france.com\/wp-content\/uploads\/2015\/04\/centre-de-tri-7.jpg 1000w\" sizes=\"auto, (min-width: 992px) 360px, calc(100vw - 30px)\" class=\"wp-post-image\" alt=\"Centre de tri\"><\/a>\n\t\t<div class=\"page-box__content\">\n\t\t\t<h5 class=\"page-box__title  text-uppercase\"><a href=\"https:\/\/braley-france.com\/index.php\/traitement-des-dechets\/centre-de-tri\/\">Centre de tri<\/a><\/h5>\n\t\t\t<p>En 2005, l\u2019entreprise Braley a ouvert son centre de tri, situ\u00e9 \u00e0 Bozouls, sur un site de 17 hectares, le b\u00e2timent de 6200m\u00b2 accueille de la collecte s\u00e9lective ainsi que des d\u00e9chets industriels et encombrants.<\/p>\n\t\t\t\t<p><a href=\"https:\/\/braley-france.com\/index.php\/traitement-des-dechets\/centre-de-tri\/\" class=\"read-more  read-more--page-box\">Lire la suite<\/a><\/p>\n\t\t<\/div>\n\t<\/div>\n\n<\/div><\/div><div id=\"pgc-76-0-1\"  class=\"panel-grid-cell\" ><div id=\"panel-76-0-1-0\" class=\"so-panel widget widget_pw_featured_page widget-featured-page panel-first-child panel-last-child\" data-index=\"1\" >\n\n\t<div class=\"page-box  page-box--block\">\n\t\t\t<a class=\"page-box__picture\" href=\"https:\/\/braley-france.com\/index.php\/traitement-des-dechets\/dechetterie\/\"><img loading=\"lazy\" decoding=\"async\" src=\"https:\/\/braley-france.com\/wp-content\/uploads\/2015\/04\/dechetterie-3-360x240.jpg\" width=\"360\" height=\"240\" srcset=\"https:\/\/braley-france.com\/wp-content\/uploads\/2015\/04\/dechetterie-3-360x240.jpg 360w, https:\/\/braley-france.com\/wp-content\/uploads\/2015\/04\/dechetterie-3.jpg 1000w\" sizes=\"auto, (min-width: 992px) 360px, calc(100vw - 30px)\" class=\"wp-post-image\" alt=\"D\u00e9chetterie\"><\/a>\n\t\t<div class=\"page-box__content\">\n\t\t\t<h5 class=\"page-box__title  text-uppercase\"><a href=\"https:\/\/braley-france.com\/index.php\/traitement-des-dechets\/dechetterie\/\">D\u00e9chetterie<\/a><\/h5>\n\t\t\t<p>Depuis 2010, l\u2019entreprise Braley a ouvert deux d\u00e9chetteries : \u00e0 Onet le Chateau et \u00e0 Bozouls.<\/p>\n\t\t\t\t<p><a href=\"https:\/\/braley-france.com\/index.php\/traitement-des-dechets\/dechetterie\/\" class=\"read-more  read-more--page-box\">Lire la suite<\/a><\/p>\n\t\t<\/div>\n\t<\/div>\n\n<\/div><\/div><div id=\"pgc-76-0-2\"  class=\"panel-grid-cell\" ><div id=\"panel-76-0-2-0\" class=\"so-panel widget widget_pw_featured_page widget-featured-page panel-first-child panel-last-child\" data-index=\"2\" >\n\n\t<div class=\"page-box  page-box--block\">\n\t\t\t<a class=\"page-box__picture\" href=\"https:\/\/braley-france.com\/index.php\/traitement-des-dechets\/dechets-bois\/\"><img loading=\"lazy\" decoding=\"async\" src=\"https:\/\/braley-france.com\/wp-content\/uploads\/2015\/04\/dechet-3-360x240.jpg\" width=\"360\" height=\"240\" srcset=\"https:\/\/braley-france.com\/wp-content\/uploads\/2015\/04\/dechet-3-360x240.jpg 360w, https:\/\/braley-france.com\/wp-content\/uploads\/2015\/04\/dechet-3.jpg 1000w\" sizes=\"auto, (min-width: 992px) 360px, calc(100vw - 30px)\" class=\"wp-post-image\" alt=\"D\u00e9chets bois\"><\/a>\n\t\t<div class=\"page-box__content\">\n\t\t\t<h5 class=\"page-box__title  text-uppercase\"><a href=\"https:\/\/braley-france.com\/index.php\/traitement-des-dechets\/dechets-bois\/\">D\u00e9chets bois<\/a><\/h5>\n\t\t\t<p>Les d\u00e9chets bois sont broy\u00e9s en fonction de votre demande suivant la granulom\u00e9trie souhait\u00e9e.<\/p>\n\t\t\t\t<p><a href=\"https:\/\/braley-france.com\/index.php\/traitement-des-dechets\/dechets-bois\/\" class=\"read-more  read-more--page-box\">Lire la suite<\/a><\/p>\n\t\t<\/div>\n\t<\/div>\n\n<\/div><\/div><\/div><div id=\"pg-76-1\"  class=\"panel-grid panel-no-style\" ><div id=\"pgc-76-1-0\"  class=\"panel-grid-cell\" ><div id=\"panel-76-1-0-0\" class=\"so-panel widget widget_pw_featured_page widget-featured-page panel-first-child panel-last-child\" data-index=\"3\" >\n\n\t<div class=\"page-box  page-box--block\">\n\t\t\t<a class=\"page-box__picture\" href=\"https:\/\/braley-france.com\/index.php\/traitement-des-dechets\/dechets-verts\/\"><img loading=\"lazy\" decoding=\"async\" src=\"https:\/\/braley-france.com\/wp-content\/uploads\/2016\/11\/dechets-vert-2-360x240.jpg\" width=\"360\" height=\"240\" srcset=\"https:\/\/braley-france.com\/wp-content\/uploads\/2016\/11\/dechets-vert-2-360x240.jpg 360w, https:\/\/braley-france.com\/wp-content\/uploads\/2016\/11\/dechets-vert-2.jpg 1000w\" sizes=\"auto, (min-width: 992px) 360px, calc(100vw - 30px)\" class=\"wp-post-image\" alt=\"D\u00e9chets verts\"><\/a>\n\t\t<div class=\"page-box__content\">\n\t\t\t<h5 class=\"page-box__title  text-uppercase\"><a href=\"https:\/\/braley-france.com\/index.php\/traitement-des-dechets\/dechets-verts\/\">D\u00e9chets verts<\/a><\/h5>\n\t\t\t<p>L\u2019\u00e9tablissement Braley a agrandi son site avec une nouvelle plate-forme de pr\u00e9paration du bois et de compostage de 22 000 m\u00b2.<\/p>\n\t\t\t\t<p><a href=\"https:\/\/braley-france.com\/index.php\/traitement-des-dechets\/dechets-verts\/\" class=\"read-more  read-more--page-box\">Lire la suite<\/a><\/p>\n\t\t<\/div>\n\t<\/div>\n\n<\/div><\/div><div id=\"pgc-76-1-1\"  class=\"panel-grid-cell panel-grid-cell-mobile-last\" ><div id=\"panel-76-1-1-0\" class=\"so-panel widget widget_pw_featured_page widget-featured-page panel-first-child panel-last-child\" data-index=\"4\" >\n\n\t<div class=\"page-box  page-box--block\">\n\t\t\t<a class=\"page-box__picture\" href=\"https:\/\/braley-france.com\/index.php\/traitement-des-dechets\/collecte-papier\/\"><img loading=\"lazy\" decoding=\"async\" src=\"https:\/\/braley-france.com\/wp-content\/uploads\/2015\/04\/centre-de-tri-3-360x240.jpg\" width=\"360\" height=\"240\" srcset=\"https:\/\/braley-france.com\/wp-content\/uploads\/2015\/04\/centre-de-tri-3-360x240.jpg 360w, https:\/\/braley-france.com\/wp-content\/uploads\/2015\/04\/centre-de-tri-3.jpg 1000w\" sizes=\"auto, (min-width: 992px) 360px, calc(100vw - 30px)\" class=\"wp-post-image\" alt=\"Collecte papier\"><\/a>\n\t\t<div class=\"page-box__content\">\n\t\t\t<h5 class=\"page-box__title  text-uppercase\"><a href=\"https:\/\/braley-france.com\/index.php\/traitement-des-dechets\/collecte-papier\/\">Collecte papier<\/a><\/h5>\n\t\t\t<p>La d\u00e9chetterie d\u2019Onet le Ch\u00e2teau propose de mettre \u00e0 la disposition des professionnels un ou plusieurs bacs \u00e0 papier qui seront collect\u00e9s selon leurs besoins.<\/p>\n\t\t\t\t<p><a href=\"https:\/\/braley-france.com\/index.php\/traitement-des-dechets\/collecte-papier\/\" class=\"read-more  read-more--page-box\">Lire la suite<\/a><\/p>\n\t\t<\/div>\n\t<\/div>\n\n<\/div><\/div><div id=\"pgc-76-1-2\"  class=\"panel-grid-cell panel-grid-cell-empty\" ><\/div><\/div><\/div>","protected":false},"excerpt":{"rendered":"<p>Centre de tri En 2005, l\u2019entreprise Braley a ouvert son centre de tri, situ\u00e9 \u00e0 Bozouls, sur un site de 17 hectares, le b\u00e2timent de 6200m\u00b2 accueille de la collecte s\u00e9lective ainsi que des d\u00e9chets industriels et encombrants. Lire la suite D\u00e9chetterie Depuis 2010, l\u2019entreprise Braley a ouvert deux d\u00e9chetteries : \u00e0 Onet le Chateau &hellip;<\/p>\n","protected":false},"author":1,"featured_media":0,"parent":0,"menu_order":0,"comment_status":"closed","ping_status":"open","template":"","meta":{"_acf_changed":false,"footnotes":""},"class_list":["post-76","page","type-page","status-publish","hentry"],"acf":[],"yoast_head":"<!-- This site is optimized with the Yoast SEO plugin v27.5 - https:\/\/yoast.com\/product\/yoast-seo-wordpress\/ -->\n<title>Traitement des d\u00e9chets - Braley France<\/title>\n<meta name=\"robots\" content=\"index, follow, max-snippet:-1, max-image-preview:large, max-video-preview:-1\" \/>\n<link rel=\"canonical\" href=\"https:\/\/braley-france.com\/index.php\/traitement-des-dechets\/\" \/>\n<meta property=\"og:locale\" content=\"fr_FR\" \/>\n<meta property=\"og:type\" content=\"article\" \/>\n<meta property=\"og:title\" content=\"Traitement des d\u00e9chets - Braley France\" \/>\n<meta property=\"og:description\" content=\"Centre de tri En 2005, l\u2019entreprise Braley a ouvert son centre de tri, situ\u00e9 \u00e0 Bozouls, sur un site de 17 hectares, le b\u00e2timent de 6200m\u00b2 accueille de la collecte s\u00e9lective ainsi que des d\u00e9chets industriels et encombrants. Lire la suite D\u00e9chetterie Depuis 2010, l\u2019entreprise Braley a ouvert deux d\u00e9chetteries : \u00e0 Onet le Chateau &hellip;\" \/>\n<meta property=\"og:url\" content=\"https:\/\/braley-france.com\/index.php\/traitement-des-dechets\/\" \/>\n<meta property=\"og:site_name\" content=\"Braley France\" \/>\n<meta property=\"article:modified_time\" content=\"2016-11-08T15:51:00+00:00\" \/>\n<meta property=\"og:image\" content=\"https:\/\/braley-france.com\/wp-content\/uploads\/2015\/04\/centre-de-tri-7-360x240.jpg\" \/>\n<meta name=\"twitter:card\" content=\"summary_large_image\" \/>\n<meta name=\"twitter:label1\" content=\"Dur\u00e9e de lecture estim\u00e9e\" \/>\n\t<meta name=\"twitter:data1\" content=\"1 minute\" \/>\n<script type=\"application\/ld+json\" class=\"yoast-schema-graph\">{\"@context\":\"https:\\\/\\\/schema.org\",\"@graph\":[{\"@type\":\"WebPage\",\"@id\":\"https:\\\/\\\/braley-france.com\\\/index.php\\\/traitement-des-dechets\\\/\",\"url\":\"https:\\\/\\\/braley-france.com\\\/index.php\\\/traitement-des-dechets\\\/\",\"name\":\"Traitement des d\u00e9chets - Braley France\",\"isPartOf\":{\"@id\":\"https:\\\/\\\/braley-france.com\\\/#website\"},\"primaryImageOfPage\":{\"@id\":\"https:\\\/\\\/braley-france.com\\\/index.php\\\/traitement-des-dechets\\\/#primaryimage\"},\"image\":{\"@id\":\"https:\\\/\\\/braley-france.com\\\/index.php\\\/traitement-des-dechets\\\/#primaryimage\"},\"thumbnailUrl\":\"https:\\\/\\\/braley-france.com\\\/wp-content\\\/uploads\\\/2015\\\/04\\\/centre-de-tri-7-360x240.jpg\",\"datePublished\":\"2015-04-23T11:04:51+00:00\",\"dateModified\":\"2016-11-08T15:51:00+00:00\",\"breadcrumb\":{\"@id\":\"https:\\\/\\\/braley-france.com\\\/index.php\\\/traitement-des-dechets\\\/#breadcrumb\"},\"inLanguage\":\"fr-FR\",\"potentialAction\":[{\"@type\":\"ReadAction\",\"target\":[\"https:\\\/\\\/braley-france.com\\\/index.php\\\/traitement-des-dechets\\\/\"]}]},{\"@type\":\"ImageObject\",\"inLanguage\":\"fr-FR\",\"@id\":\"https:\\\/\\\/braley-france.com\\\/index.php\\\/traitement-des-dechets\\\/#primaryimage\",\"url\":\"https:\\\/\\\/braley-france.com\\\/wp-content\\\/uploads\\\/2015\\\/04\\\/centre-de-tri-7.jpg\",\"contentUrl\":\"https:\\\/\\\/braley-france.com\\\/wp-content\\\/uploads\\\/2015\\\/04\\\/centre-de-tri-7.jpg\",\"width\":1000,\"height\":368},{\"@type\":\"BreadcrumbList\",\"@id\":\"https:\\\/\\\/braley-france.com\\\/index.php\\\/traitement-des-dechets\\\/#breadcrumb\",\"itemListElement\":[{\"@type\":\"ListItem\",\"position\":1,\"name\":\"Accueil\",\"item\":\"https:\\\/\\\/braley-france.com\\\/\"},{\"@type\":\"ListItem\",\"position\":2,\"name\":\"Traitement des d\u00e9chets\"}]},{\"@type\":\"WebSite\",\"@id\":\"https:\\\/\\\/braley-france.com\\\/#website\",\"url\":\"https:\\\/\\\/braley-france.com\\\/\",\"name\":\"Braley France\",\"description\":\"Environnement - Energies\",\"potentialAction\":[{\"@type\":\"SearchAction\",\"target\":{\"@type\":\"EntryPoint\",\"urlTemplate\":\"https:\\\/\\\/braley-france.com\\\/?s={search_term_string}\"},\"query-input\":{\"@type\":\"PropertyValueSpecification\",\"valueRequired\":true,\"valueName\":\"search_term_string\"}}],\"inLanguage\":\"fr-FR\"}]}<\/script>\n<!-- \/ Yoast SEO plugin. -->","yoast_head_json":{"title":"Traitement des d\u00e9chets - Braley France","robots":{"index":"index","follow":"follow","max-snippet":"max-snippet:-1","max-image-preview":"max-image-preview:large","max-video-preview":"max-video-preview:-1"},"canonical":"https:\/\/braley-france.com\/index.php\/traitement-des-dechets\/","og_locale":"fr_FR","og_type":"article","og_title":"Traitement des d\u00e9chets - Braley France","og_description":"Centre de tri En 2005, l\u2019entreprise Braley a ouvert son centre de tri, situ\u00e9 \u00e0 Bozouls, sur un site de 17 hectares, le b\u00e2timent de 6200m\u00b2 accueille de la collecte s\u00e9lective ainsi que des d\u00e9chets industriels et encombrants. Lire la suite D\u00e9chetterie Depuis 2010, l\u2019entreprise Braley a ouvert deux d\u00e9chetteries : \u00e0 Onet le Chateau &hellip;","og_url":"https:\/\/braley-france.com\/index.php\/traitement-des-dechets\/","og_site_name":"Braley France","article_modified_time":"2016-11-08T15:51:00+00:00","og_image":[{"url":"https:\/\/braley-france.com\/wp-content\/uploads\/2015\/04\/centre-de-tri-7-360x240.jpg","type":"","width":"","height":""}],"twitter_card":"summary_large_image","twitter_misc":{"Dur\u00e9e de lecture estim\u00e9e":"1 minute"},"schema":{"@context":"https:\/\/schema.org","@graph":[{"@type":"WebPage","@id":"https:\/\/braley-france.com\/index.php\/traitement-des-dechets\/","url":"https:\/\/braley-france.com\/index.php\/traitement-des-dechets\/","name":"Traitement des d\u00e9chets - Braley France","isPartOf":{"@id":"https:\/\/braley-france.com\/#website"},"primaryImageOfPage":{"@id":"https:\/\/braley-france.com\/index.php\/traitement-des-dechets\/#primaryimage"},"image":{"@id":"https:\/\/braley-france.com\/index.php\/traitement-des-dechets\/#primaryimage"},"thumbnailUrl":"https:\/\/braley-france.com\/wp-content\/uploads\/2015\/04\/centre-de-tri-7-360x240.jpg","datePublished":"2015-04-23T11:04:51+00:00","dateModified":"2016-11-08T15:51:00+00:00","breadcrumb":{"@id":"https:\/\/braley-france.com\/index.php\/traitement-des-dechets\/#breadcrumb"},"inLanguage":"fr-FR","potentialAction":[{"@type":"ReadAction","target":["https:\/\/braley-france.com\/index.php\/traitement-des-dechets\/"]}]},{"@type":"ImageObject","inLanguage":"fr-FR","@id":"https:\/\/braley-france.com\/index.php\/traitement-des-dechets\/#primaryimage","url":"https:\/\/braley-france.com\/wp-content\/uploads\/2015\/04\/centre-de-tri-7.jpg","contentUrl":"https:\/\/braley-france.com\/wp-content\/uploads\/2015\/04\/centre-de-tri-7.jpg","width":1000,"height":368},{"@type":"BreadcrumbList","@id":"https:\/\/braley-france.com\/index.php\/traitement-des-dechets\/#breadcrumb","itemListElement":[{"@type":"ListItem","position":1,"name":"Accueil","item":"https:\/\/braley-france.com\/"},{"@type":"ListItem","position":2,"name":"Traitement des d\u00e9chets"}]},{"@type":"WebSite","@id":"https:\/\/braley-france.com\/#website","url":"https:\/\/braley-france.com\/","name":"Braley France","description":"Environnement - Energies","potentialAction":[{"@type":"SearchAction","target":{"@type":"EntryPoint","urlTemplate":"https:\/\/braley-france.com\/?s={search_term_string}"},"query-input":{"@type":"PropertyValueSpecification","valueRequired":true,"valueName":"search_term_string"}}],"inLanguage":"fr-FR"}]}},"_links":{"self":[{"href":"https:\/\/braley-france.com\/index.php\/wp-json\/wp\/v2\/pages\/76","targetHints":{"allow":["GET"]}}],"collection":[{"href":"https:\/\/braley-france.com\/index.php\/wp-json\/wp\/v2\/pages"}],"about":[{"href":"https:\/\/braley-france.com\/index.php\/wp-json\/wp\/v2\/types\/page"}],"author":[{"embeddable":true,"href":"https:\/\/braley-france.com\/index.php\/wp-json\/wp\/v2\/users\/1"}],"replies":[{"embeddable":true,"href":"https:\/\/braley-france.com\/index.php\/wp-json\/wp\/v2\/comments?post=76"}],"version-history":[{"count":6,"href":"https:\/\/braley-france.com\/index.php\/wp-json\/wp\/v2\/pages\/76\/revisions"}],"predecessor-version":[{"id":779,"href":"https:\/\/braley-france.com\/index.php\/wp-json\/wp\/v2\/pages\/76\/revisions\/779"}],"wp:attachment":[{"href":"https:\/\/braley-france.com\/index.php\/wp-json\/wp\/v2\/media?parent=76"}],"curies":[{"name":"wp","href":"https:\/\/api.w.org\/{rel}","templated":true}]}}